-y = -2 + 4. What are the prime factors of (40/12)/(y/(-3))?
5
Let b = -35 + 96. What are the prime factors of b?
61
Suppose 0 = -3*i + 3, 3*c + 3*i - 1196 = 4*i. What are the prime factors of c?
3, 7, 19
List the prime factors of 33*(32/(-6))/(-4).
2, 11
Suppose 6*r = 488 - 14. List the prime factors of r.
79
Suppose -2*d + 4*j + 232 = 0, 0 = -d - j - 2*j + 111. List the prime factors of d.
2, 3, 19
Let j be -20*(0 + (-6)/8). Let l = -1 + j. List the prime factors of l.
2, 7
Suppose 193 - 33 = 5*y. What are the prime factors of y?
2
Let h = -9 - -36. List the prime factors of h.
3
Let t = 2 + -2. Suppose t*b + 36 = 3*b. Suppose -3*n - 5*o = -26, 5*o - o = 2*n + b. What are the prime factors of n?
2
Suppose 2*q - 2*p = -4*p + 12, 5*q - 5*p = -10. List the prime factors of q.
2
Let z be ((-7)/(-1))/((-1)/(-5)). Suppose z = 2*d - d. List the prime factors of d.
5, 7
Let j = 4 + -4. Let m be (1 + j)*(-3)/(-1). Suppose 4*s - m*y - 43 = 0, -s + 0*y = -4*y - 14. What are the prime factors of s?
2, 5
What are the prime factors of (-46)/(-2) + -1 - -3?
5
Let x be 6/(-8) - 19/(-4). Suppose -x*t + 52 = -5*w + 11, 2*t - 20 = 2*w. List the prime factors of t.
3
Let o(s) = -s**2 + 10*s - 13. Let j be o(8). Suppose 0*z - 44 = -5*t + j*z, -5*z - 15 = 0. List the prime factors of t.
7
Let j = 40 + -15. What are the prime factors of j?
5
List the prime factors of 30/10 - (-52 - 2).
3, 19
Let t be (-2 - 0) + 2 - -2. Suppose 4*m - 2 = 4*h + 18, -5*h + 38 = t*m. Suppose -4*q - 25 = -m*q. What are the prime factors of q?
5
Suppose -5 = -j - 4. Let q(s) = 6*s**3 + 2*s - 1. What are the prime factors of q(j)?
7
Suppose 34 + 34 = 4*j - 3*f, -2*j = 3*f - 52. Suppose 0 = 4*r + x - 22, 0*x = -5*r - 5*x + j. List the prime factors of r.
2, 3
Let u(k) = k**2 + 8*k + 4. Let a be u(-6). Let z be (-6)/18 + 17/(-3). Let c = z - a. List the prime factors of c.
2
Let f be 9*((-3)/(-9) + 0). Let n = 14 - f. List the prime factors of n.
11
Suppose -s + 9*g = 4*g - 4, -2*g = 2*s - 8. What are the prime factors of (-3)/12 + 29/s?
7
Let a(c) = -2*c**3 + 39*c**2 + 22*c + 8. List the prime factors of a(20).
2, 3
Let s(a) = -16*a + 1. Let f(r) = -17*r + 1. Let m(q) = -2*f(q) + 3*s(q). List the prime factors of m(-1).
3, 5
Let u(h) = h**2 - h + 37. List the prime factors of u(0).
37
Let w = 20 + -19. Suppose -3*h + 9 = -0*h. What are the prime factors of h/(8/(-11) + w)?
11
Let x(w) be the first derivative of w**2/2 + 4*w - 1. Let z be x(-6). Let k(t) = t**2 + t. List the prime factors of k(z).
2
Let v(j) be the second derivative of j**4/6 + j**3/6 - j. Let w be 45/(-12) + 4 - 9/4. What are the prime factors of v(w)?
2, 3
Let t(d) = -7*d + 3. Let o be t(2). Let c = o + 22. What are the prime factors of c?
11
Let w = 29 + -21. Let h = w - 7. Suppose h - 16 = -3*m. List the prime factors of m.
5
Let y(p) = p**3 + 8*p**2 + 10*p + 6. List the prime factors of y(-6).
2, 3
Suppose 0 = 5*v - 3*k - 368, v + 3*v = -2*k + 290. List the prime factors of v.
73
Suppose 2*l = l - 2. What are the prime factors of ((-6)/l)/(-3)*-7?
7
Suppose 3*i = 7*i - 4. Let p(f) = 25*f**3 - f**2 + 1. What are the prime factors of p(i)?
5
What are the prime factors of -2 - (-16)/7 - 285/(-7)?
41
Let s(r) = -4*r**3 + 8*r**2 + 12*r + 6. Let m(n) = 7*n**3 - 16*n**2 - 24*n - 13. Let a(g) = -3*m(g) - 5*s(g). What are the prime factors of a(9)?
2, 3
Let r be 9/1*9/(-1). What are the prime factors of r/(-12) + (-1)/(-4)?
7
Let c(j) = j + 26. What are the prime factors of c(0)?
2, 13
Let f = 4 + 1. Let n be 1 + -20 - (-2 + f). Let w = n + 35. List the prime factors of w.
13
Let g = 9 + 22. Let m = -14 + g. List the prime factors of m.
17
Suppose -11*c + 7*c = -208. What are the prime factors of c?
2, 13
Let p = 0 - 12. Let z be (-26)/p + (-1)/6. Suppose 15 = z*s - 3. List the prime factors of s.
3
Let u be (2/(-6))/(10/(-180)). Suppose -6*z - u = -7*z. What are the prime factors of z?
2, 3
Let h = -27 - -55. Let u(k) = -2*k**2 - 3*k + 4. Let l be u(-4). Let q = h + l. What are the prime factors of q?
2, 3
Let m = 242 - 141. Let h = m + -49. Let r = -30 + h. List the prime factors of r.
2, 11
Let l = 43 + 220. List the prime factors of l.
263
Let y(m) = -5 + m + 0*m - 3. Let v be y(8). Let a = 8 + v. What are the prime factors of a?
2
What are the prime factors of (8/(-10))/(6/(-180))?
2, 3
Suppose -2*f - 4*s = -404, -2*s - 953 = -5*f + 9. List the prime factors of f.
2, 97
Let v(u) = u**3 + 12*u**2 - 3*u - 10. Let r be v(-11). Let w = r + -79. Suppose -5*s + 26 + 14 = -4*o, -5*s = o - w. List the prime factors of s.
2, 3
Suppose -4*m + 44 - 16 = 0. Suppose m*s = 2*s + 20. What are the prime factors of s?
2
Suppose 2*z - d - 259 = 0, -5*d + 129 = z - 28. List the prime factors of 0 - 9/((-27)/z).
2, 11
What are the prime factors of 20/6*432/60?
2, 3
Let h = -70 + 259. What are the prime factors of h?
3, 7
Let i be 12/(-24) + 27/2. List the prime factors of ((-26)/(-6))/(i/39).
13
Suppose -5*f + 14 = 4*g, 5*f + g - 4 - 7 = 0. Suppose -f*j = -8 + 4. What are the prime factors of j?
2
Suppose 5*v = -3*t - 428, -5*t + 2*t + 188 = -2*v. Let w = v - -59. Let c = -21 - w. List the prime factors of c.
2
Let x = 9 + -6. What are the prime factors of (1 - (x + -6)) + 34?
2, 19
Let a(r) = -r**2 - 4*r. Suppose -n + 3 = -2*n. What are the prime factors of a(n)?
3
Let v(n) = -2*n - 6. Suppose -5 + 23 = -3*f. List the prime factors of v(f).
2, 3
Suppose 5*b + 2*k = 24, 12 = 4*b - k - k. Let y(i) = i**2 - 6*i + 5. Let d be y(b). Let m = -1 - d. List the prime factors of m.
2
Let k(s) = -s - 1. Let t(r) = -4*r + 9. Let b(h) = -3*k(h) + t(h). List the prime factors of b(6).
2, 3
Let n = -6 + 8. Suppose -7 - 3 = n*v. What are the prime factors of (-5 + 0)*5/v?
5
Suppose w - 340 = -5*o, -157 = -3*o + 4*w + 24. List the prime factors of o.
67
Suppose -5*d - 39 - 41 = 0. Let g be -3*(20/6)/1. Let w = g - d. List the prime factors of w.
2, 3
Let a = 7 - 5. Suppose 0 = n - 2*t, -2*t - 3 = -a*n + 5. List the prime factors of n.
2
Let l(j) = -j**2 + j. Let y(u) = -5*u**2 + 5*u + 5. Let c(r) = 4*l(r) - y(r). Let t be c(0). Let i = -3 - t. List the prime factors of i.
2
Let n = 43 + -23. Suppose n = 4*t - f, 5*t + 4*f = -f. What are the prime factors of (-2)/t + (-27)/(-2)?
13
List the prime factors of (-7)/((-4)/32*2).
2, 7
Suppose 0*p = -3*p + 5*a - 124, 160 = -4*p + 4*a. Let g = -22 - p. List the prime factors of g.
2
Suppose -3*p + 193 = m - 0*p, -4*p + 20 = 0. What are the prime factors of m?
2, 89
Let p be (-4)/6 + (-16)/(-6). Suppose p*q = 5*j + 8, 26 = -q + 5*q - 5*j. What are the prime factors of q?
3
Suppose 14 = 5*t - 1. Suppose t*m = 114 - 3. What are the prime factors of m?
37
Suppose 0 = 2*h - 34 - 116. What are the prime factors of h?
3, 5
Let n(a) = a**2 + 3*a + 2. Suppose 2*z + 3*m + 4 = 7*m, -3*m = -z - 1. Let w be n(z). Suppose r - w = -0*r. List the prime factors of r.
2, 3
Let r(t) = -2*t + 34. What are the prime factors of r(11)?
2, 3
Suppose 3*q + 0*k + k = 162, -108 = -2*q + k. Suppose -q = -4*i - 14. List the prime factors of i.
2, 5
Suppose -6*a = -7*a + 64. List the prime factors of a.
2
Let u = 5 - 0. Suppose u*p - 154 = -29. List the prime factors of p.
5
Let c be (-4)/18 + 2/9. Let p be 2 + (0/(-3) - c). List the prime factors of 2/(1/p - 0).
2
Suppose -377 = -5*q + 303. Suppose -6*x + q = -2*x. List the prime factors of x.
2, 17
Suppose 3*l + a - 11 = 2, -12 = -3*a. Suppose 2*d = -l*d + 65. Suppose -s + 64 = 4*j, -31 + d = -2*j + 3*s. What are the prime factors of j?
3, 5
Let x(b) = -b**2 - 6*b. Let y be x(-5). Let j(i) = i**2 - 3*i + 2. List the prime factors of j(y).
2, 3
Suppose z = 2*g - 3 - 4, 3*z - 23 = -5*g. What are the prime factors of z + -1 + -2 + 13?
11
Let b(q) be the second derivative of -q**3/3 + q**2/2 + 5*q. What are the prime factors of b(-7)?
3, 5
Let v = -43 + 69. List the prime factors of v.
2, 13
Suppose -k - 130 = -5*l - 2*k, 110 = 5*l - 3*k. Suppose 6*i = 3*q + 4*i - 17, 4*i = 5*q - l. Suppose q - 3 = d. What are the prime factors of d?
2, 3
Suppose -4*i = -3*a - 96, -4*i - 7*a + 68 = -3*a. List the prime factors of i.
3, 7
Let u = 1 + 2. Let p(f) = f**2 - 4*f + 3. Let m be p(3). Suppose -u*k + 57 = -3*t + 21, -2*k - t + 21 = m. List the prime factors of k.
11
Suppose -60 = -3*s - s. List the p